{"id":536,"date":"2020-06-15T10:18:21","date_gmt":"2020-06-15T10:18:21","guid":{"rendered":"https:\/\/satkadrovi.rs\/?page_id=536"},"modified":"2020-06-15T10:50:29","modified_gmt":"2020-06-15T10:50:29","slug":"poslovi","status":"publish","type":"page","link":"https:\/\/satkadrovi.rs\/?page_id=536","title":{"rendered":"Poslovi"},"content":{"rendered":"<p>[vc_row css_animation=&#8221;&#8221; row_type=&#8221;row&#8221; use_row_as_full_screen_section=&#8221;no&#8221; type=&#8221;full_width&#8221; angled_section=&#8221;no&#8221; text_align=&#8221;left&#8221; background_image_as_pattern=&#8221;without_pattern&#8221;][vc_column][vc_column_text]<\/p>\n<h4><strong>Na sajtu je prikazan deo aktivnih oglasa. Vi\u0161e ponuda mo\u017eete prona\u0107i na na\u0161oj <a href=\"https:\/\/www.facebook.com\/omladinskasat\/\"><em>Facebook stranici<\/em><\/a>.<\/strong><\/h4>\n<p>[\/vc_column_text][vc_empty_space][\/vc_column][\/vc_row]<\/p>\n","protected":false},"excerpt":{"rendered":"<p>[vc_row css_animation=&#8221;&#8221; row_type=&#8221;row&#8221; use_row_as_full_screen_section=&#8221;no&#8221; type=&#8221;full_width&#8221; angled_section=&#8221;no&#8221; text_align=&#8221;left&#8221; background_image_as_pattern=&#8221;without_pattern&#8221;][vc_column][vc_column_text] Na sajtu je prikazan deo aktivnih oglasa. Vi\u0161e ponuda mo\u017eete prona\u0107i na na\u0161oj Facebook stranici. [\/vc_column_text][vc_empty_space][\/vc_column][\/vc_row]<\/p>\n","protected":false},"author":1,"featured_media":0,"parent":0,"menu_order":0,"comment_status":"closed","ping_status":"closed","template":"blog-small-image.php","meta":[],"_links":{"self":[{"href":"https:\/\/satkadrovi.rs\/index.php?rest_route=\/wp\/v2\/pages\/536"}],"collection":[{"href":"https:\/\/satkadrovi.rs\/index.php?rest_route=\/wp\/v2\/pages"}],"about":[{"href":"https:\/\/satkadrovi.rs\/index.php?rest_route=\/wp\/v2\/types\/page"}],"author":[{"embeddable":true,"href":"https:\/\/satkadrovi.rs\/index.php?rest_route=\/wp\/v2\/users\/1"}],"replies":[{"embeddable":true,"href":"https:\/\/satkadrovi.rs\/index.php?rest_route=%2Fwp%2Fv2%2Fcomments&post=536"}],"version-history":[{"count":2,"href":"https:\/\/satkadrovi.rs\/index.php?rest_route=\/wp\/v2\/pages\/536\/revisions"}],"predecessor-version":[{"id":541,"href":"https:\/\/satkadrovi.rs\/index.php?rest_route=\/wp\/v2\/pages\/536\/revisions\/541"}],"wp:attachment":[{"href":"https:\/\/satkadrovi.rs\/index.php?rest_route=%2Fwp%2Fv2%2Fmedia&parent=536"}],"curies":[{"name":"wp","href":"https:\/\/api.w.org\/{rel}","templated":true}]}}